(-6 - -14) - 34).
52
Evaluate -29 - 10 - (24 + (35 - 95)).
-3
What is -67 + -1 - (195 + -253 + 66)?
-76
Calculate 3 - -5 - 10 - (8 + -10 + -11).
11
Evaluate -124 + 1 + 22 + 2.
-99
What is the value of (-97 + 103 - (3 + 0)) + -12?
-9
Evaluate 23 + (-53 - -145) + 9 + -4 + -3 + -6.
111
Evaluate 26 + (12 + -22 - 1) + 9 + -11 + -11.
2
What is 1 - (-10 + 8 + 10 + -10 + -5) - -48?
56
What is (-31 - (79 - 43)) + (1 - (1 - 2))?
-65
Calculate (-12 - -4) + (1 - -48 - (-23 + 19)).
45
-2543 - -2517 - (0 + -100 - 0)
74
Calculate -3 + (129 - 172) + 9.
-37
Calculate 109 - -3 - (-5 - -10 - -2).
105
What is (-6 - -10 - (-1 - 29 - -1)) + (3160 - 3145)?
48
Evaluate -6 + -2 + (50 - (-10 - (-11 - (-9 - -1)))).
49
Calculate -2 - ((17 + -24 - -16) + 4 + 0 + -1).
-14
Evaluate (6 - (32 - -15)) + -11 + 8.
-44
-4 + 3 - -19 - (9307 - 9293)
4
What is 36 - 62 - (-118 + 5 + -41)?
128
Calculate -18 + -18 - (-70 - -32).
2
Calculate -28 - (-11 + (-19 - -2) - 77).
77
Calculate -72 + (13 - -35) - -90.
66
What is (-87 + 38 - -56) + (2 - (4 + -3) - -8)?
16
Calculate 79 - (101 + (-53 - 38)).
69
What is the value of 17 - (61 - (130 - 38))?
48
What is the value of -29 + 41 + (-9 - (-11 + 0))?
14
What is the value of (6 - ((23 - 1) + (-32 - -22))) + -35?
-41
What is 4 + (14 + -13 + 3 - -5) + -11?
2
What is (49 + -53 - (0 + 3) - -9) + (-29 - -9)?
-18
What is 121 + (114 - 161) + (-1 - -8)?
81
What is the value of 44 - (-52 - (-157 + 58))?
-3
Evaluate -12 + (0 - -6 - 5 - -14) - (-1 + -53).
57
(-7 - -13 - -10) + -30 - (-1 + -9)
-4
What is -30 - ((1 - 23) + 32 + 5)?
-45
35 + (-36 + -8 + 36 - -45)
72
What is 59 + -22 + (68 - 126)?
-21
Evaluate (10 - 23) + -17 - (70 + -87).
-13
Evaluate 33 + (34 - -12) + 31 + 4.
114
Evaluate (-3 - (18 + -3)) + 12 + (9 - 18).
-15
What is -258 + 239 - ((-2 - -2) + (-5 - 9))?
-5
Calculate -4 - (-11 + 10) - (4 - -5 - (-13 + -4)).
-29
What is the value of -239 + 231 - (-45 + -3)?
40
Calculate -21 + (1 - (0 - 3)) + -1117 + 1077.
-57
What is 9 - (2 + 44 - (225 + -215)) - -13?
-14
(8 - (15 + 57)) + -21 + 18
-67
Evaluate 30 + -3 + 9 + (5 - 1) + -4.
36
Evaluate (9 - 15) + 23 + -31.
-14
Calculate 6 - (-1 + (0 - (-1 - -1)) + (-82 - -81)).
8
What is 340 - 244 - (15 + -43)?
124
0 + (7 - -2) - (85 + -177 - -119)
-18
Evaluate -7 - -29 - (8 + (5 - (25 + -1))).
33
Evaluate (-81 - -58) + (-3 - -2 - 0) + 8.
-16
Calculate -2 - (-12 + -9) - (-27 - -16).
30
Evaluate 8 - (19 + (-4 + 2 + 8 - 13)).
-4
What is -200 - -110 - -25 - 54?
-119
Evaluate -48 + 27 + -11 + -12 - ((-2 - -3) + 4).
-49
What is (6 - 2 - 3) + (-121 - -86)?
-34
83 - (51 - (45 - 51))
26
Calculate -57 - (-18 - 29) - (1 + 101 - (-29 - -32)).
-109
62 + -120 - -7 - -12
-39
What is the value of 8609 + -8603 + (-1 - 1) + 17 + 0?
21
Evaluate -36 - ((89 - 23) + -30) - (0 + -9).
-63
What is the value of (88 - 24) + -17 - (-1 + 1 - -9)?
38
What is the value of -21 - (20 + -2 - 11 - (5 - -1))?
-22
What is (-14 - (13 + -19)) + -31?
-39
Evaluate (-170 - -213) + (12 - (12 + -13)) - (1 - 2).
57
What is the value of 34 + -2 - (146 - 154)?
40
Evaluate 1 + -4 - -4 - (157 + -96 - -11).
-71
Evaluate 6 + (16 + -12 - ((-2 - 3) + 5)) - 88.
-78
What is 27 - (22 + -35 + (-7 - 15))?
62
Calculate (21 + 6 - 14) + (61 - 77) - (0 + 31).
-34
Calculate (7 - 2) + (27 - 42 - -32).
22
What is (-1 + 0 - (-12 - -9)) + 1086 + -1097?
-9
-1690 + 1728 - (2 + 6)
30
Evaluate 1412 - 1355 - (1 + (3 - 1) + (11 - 5)).
48
What is the value of (7 - -4) + (-20 - 0) + 117 + -170?
-62
What is (-9 + (-6 - -28) - -1) + -15 + 1 + -27?
-27
-46 - 8 - (-11 + 0 + 14 + 5 + -13)
-49
What is the value of (8 - (-14 - (12 - 23))) + 33 + 1?
45
What is the value of (-48 - -65 - ((-11 - -3) + 17)) + 5 + 0?
13
Calculate -1509 - -1630 - (-1 + 68).
54
What is the value of (-19 - -46) + 179 + -259?
-53
What is the value of 21 - (-64 + (79 - 27) + 76 + 0)?
-43
5 + (-3 + (21 - -2) - 17)
8
-43 + 12 + -26 + 69 - (32 - (2 + -4))
-22
Evaluate (-10 + 19 + 16 + -5 - 7) + -39.
-26
What is (-18 - (15 - 68)) + -109?
-74
What is (6061 - 6044) + (0 - -3 - -64)?
84
Evaluate 1 + -5 + 4 + 94 - (-376 - -380).
90
Calculate -19 + -36 + 8 + 85.
38
Calculate (-15 + 21 + 12 - 15) + -9.
-6
-116 + -65 + 283 + -38 + -1
63
What is -21 + (-14 - -4 - (-78 - -68) - 67)?
-88
What is the value of 88 + -198 + 121 + -32?
-21
7 - (31 + -40) - (3 + 6 + 104)
-97
20 + (-17 - (21 - (10 + 0) - 50))
42
What is the value of -13 - -1 - (9335 + -9351)?
4
-11 - (4 + 7 + -22 - 0) - -27
27
Evaluate 5 + 30 - 9 - -13.
39
59 - 62 - (71 - -1) - (35 + -44)
-66
Evaluate (24 + 8 + (18 - 34) - 2) + -37.
-23
Evaluate -183 + (-130 - -194) + 142.
23
Evaluate -3 + 5 + ((1 - 4) + 19 - (44 + -47)).
21
Evaluate (116 - 9) + (1041 - 1085).
63
What is the value of 8 + (1 - 2) - (-63 - -76) - 5?
-11
Calculate 62 - (200 + (-53 - 88)).
3
What is the value of (-68 - (-1 + 1)) + (847 - 827)?
-48
Evaluate 0 - (5 + 2) - (10 + 6 + 2 + 34).
-59
Calculate 45 + 0 + 49 - 50.
44
What is 167 - 27 - ((-28 - 1) + 58)?
111
What is 21 - 31 - (121 + 5 + -32)?
-104
Calculate -20 - (93 - 56 - (122 + -3)).
62
-2 - -60 - (-9 + 12 + -13 + 9 - -4)
55
Evaluate -38 + 103 + -44 + 14.
35
What is 50 - (65 + 9 - 20)?
-4
Calculate 16 - (15 + (-35 - -38)) - (60 - 0).
-62
What is -2 + 3 + 38 + (7 - (16 + -10))?
40
Calculate -116 + -11 + 81 + -30.
-76
Calculate 65 + (1 - (4 + -26 + 12 - -19)).
57
(5 + 9 - 44 - 32) + -10
-72
-11 + 5 + -3 + -3 - (1 + (-1 - 4))
-8
Evaluate -16 - (79 + -52) - 52.
-95
-33 + -31 + (-20 - -68)
-16
17 - (3 - 7 - (-77 - -2))
-54
What is 56 + (-33 + -6 - -4)?
21
21 + (-13 - (-35 - -19)) + -67
-43
(-4 - -17) + -22 + -45 + 22
-32
Calculate 19 + -35 - -87 - (-14 + 24).
61
Calculate 50 - (-29 + 40 - 0 - (2 + -2 + 1)).
40
Evaluate 98 + -95 - ((-3 - (6 - 13)) + -80).
79
Evaluate 46 + (65 - 90) + -105.
-84
What is -321 + 331 - (-1 - -25 - 3)?
-11
(-14 - (-37 + 32 - -154)) + 16 + 0
-147
What is 0 - -5 - (-18 + (-15 - 2 - -3))?
37
Evaluate -113 - (-34 - (12 + -56)).
-123
What is 33 + (56 - -18 - 81)?
26
Evaluate 88 - (-124 + 166) - (40 + -2).
8
Calculate -8 + 4 + -13 + 67 + -81.
-31
What is (9 - (-10 - -6)) + (102 - 91)?
24
42 + -15 - 17 - (85 - (0 - 5))
-80
0 - (0 - 24) - (20930 + -20919)
13
What is the value of -7 - -15 - -3 - (48 + -52 - (-6 - 3))?
6
What is 60 + -316 + 226 - (2 - 0 - 4)?
-28
What is -17 - -34 - (-41 + 101)?
-43
What is (-45 - -8) + 11 + (-8 - -15)?
-19
Calculate 27 + 96 + -137 + 45.
31
What is the value of 1 + 90 + 1967 + -1996?
62
What is (37 - (-335 + 381)) + (0 - -1) + 0 + -23?
-31
14 + (-7 - -12) + -56
-37
What is the value of -10 + -8 + 14 + -12 + 2 + 2 + 10?
-2
What is the value of -4 + 25 + 0 - (0 - -31)?
-10
What is the value of -4 + 2 - (1 + -43) - (-33 + -22 + 63)?
32
14 + 7 + -25 + (-14 + 14 - -6)
2
Evaluate (-2 - -6) + (-137 - -121) + -2 - -9.
-5
Evaluate -9 + ((-3 - -1) + -11 + 5 + 6 - -10).
-1
95 + -254 + 42 + 50
-67
Evaluate 28 + (-15 - (3 - -2)) - ((-3 - -5) + -19).
25
What is the value of (15 - 8) + 12 + (-8 - 17) - (0 + 55)?
-61
71 + 31 + -152 - -59
9
Calculate (31 - 0) + -114 + (7 - -109).
33
What is (83 - 62) + (-12 - 79) + -4?
-74
What is the value of -19 + 60 + -21 + -5 + -18?
-3
Calculate 4 + -1 - (-73 + 62 - -15).
-1
What is the value of 11 + 0 - (-26 + 9 - -7 - -21 - -1)?
-1
Evaluate 69 - (-38 + 58 + (-19 - (8 + -1 + -13))).
62
(-31 - -18 - -38) + -25
0
55 + -61 + 1 + -13 - -32
14
Evaluate 9 + -14 + (-30 + 26 - -27) + 0 + -1.
17
What is -52 - (-2 - 29 - (-94 + (192 - 107)))?
-30
Calculate 81 - 48 - (26 + -7 + 62).
-48
What is the value of (4 - -2) + (-64 - -96 - (-4 + 24))?
18
Calculate -42 + (-6 - ((11 - -1) + 129 + -139)).
-50
What is the value of 16 - ((-52 - 6) + 97)?
-23
Calculate (-16 - 37) + 52 + (-3 + 6 + 0 - -48).
50
What is ((223 - 170) + -16 + 2 - -13) + (6 - -2)?
60
Calculate -144 - -28 - (6 - ((-6 - -6 - -2) + 6)).
-114
Evaluate -2 - (1 + 39) - (76 + (-8 - 69)).
-41
What is 42 + (-68 - -38) + 21?
33
Evaluate -19 + -4 + 42 + -23 + 2 - -97.
95
Calculate 8 - (1 - -5 - ((-38 - 1) + -6)).
-43
What is (-8 - (22 + -10)) + -4 + 25 + 5?
6
What is the value of -76 - (-19 - (-26 + (17 - 16)))?
-82
Evaluate -4 + (-19 - -43) + -23 - -13.
10
What is 2 - -1 - (16 - (-1 + 7 + -11))?
-18
Evaluate (100 - (26 - 6)) + (-2 - -5 - 7 - 0).
76
What is the value of (-10 - -30) + 102 + -108?
14
Calculate 38 - ((-4 - -30 - -170) + -1